3*p, -x + 24 = 5*p. What is the units digit of x?
9
Suppose 0 = 4*y + 7 - 159. Suppose -4*r - 2*n + y = -166, r - 69 = 4*n. What is the tens digit of r?
5
Let h be (1 + 12/(-20))/((-1)/145). Let i = -55 - h. What is the units digit of i?
3
Let r = -2183 + 3357. What is the units digit of r?
4
Suppose -5*u - 3*b + 672 = 11, -u + b + 129 = 0. Let j be u/(-4) - 4/16. Let q = j - -90. What is the units digit of q?
7
What is the tens digit of (-12)/18 - (-3136)/6?
2
Let u(f) = -4*f - 3. Let j be u(-9). Let t = -14 + j. Let a = t - -6. What is the tens digit of a?
2
Let h(p) be the first derivative of 7*p**3/3 + 5*p**2/2 + 3*p - 6. What is the tens digit of h(3)?
8
Suppose 4*n - 63 = a, -n + 4*a - 2 = 1. Let o(f) = f**3 - 16*f**2 - 15*f - 3. What is the units digit of o(n)?
1
Let u(f) = -f**3 - 14*f**2 - 10*f - 19. Let n be u(-13). Let q = n - -19. What is the units digit of (11 - 5)/((-6)/q)?
9
Let m(x) = 33*x + 2. Let n be m(7). Let v = -76 + 79. Suppose n - 62 = v*z. What is the tens digit of z?
5
Let c(s) be the second derivative of -s**4/6 + s**3 + 7*s**2/2 - 3*s. Let j be c(5). Let w(r) = -r**2 - 14*r - 10. What is the units digit of w(j)?
3
Let f(z) = z**2 + 11*z + 20. Let d be f(-8). Let p(a) = 3 - 12*a + 4 + 3 - 7. What is the units digit of p(d)?
1
Let a(b) = 3*b**2 + 1. Let m be a(-1). Let s = -11 - m. Let x = s + 18. What is the units digit of x?
3
Let p(b) = -4*b**2 + 8*b + 18. Let i be p(-8). Let v = i + 447. What is the units digit of v?
5
Let v(t) = -3*t**2 - 1. Let o be v(4). Let q = o - -151. What is the hundreds digit of q?
1
Let g(c) = 1228*c**2 + c - 1. What is the hundreds digit of g(1)?
2
Suppose 0 = 5*x - 54 + 9. Suppose -3*v + x = -t, -5*v + 24 = -5*t - 1. Suppose -55 = 2*g - 5*g - 2*p, v*p = -2*g + 40. What is the units digit of g?
5
What is the tens digit of 3/((-36)/(-14064)) + -1*2?
7
Suppose 0 = 4*f + 3*l - 3613, -2*f = f - 2*l - 2714. What is the hundreds digit of f?
9
Let l(n) = 10*n - 8. Let x be l(8). What is the tens digit of x + (1 + 0 + -2)*-1?
7
Suppose 2*p - 3*x = 3*p - 638, 4*x = -5*p + 3201. What is the units digit of p?
1
Let x = 67 - 86. Let j = 97 + x. What is the tens digit of j?
7
Suppose 3*a - 452 = 5*c, -512 + 61 = -3*a + 4*c. What is the units digit of a?
9
Suppose -57*w - 25*w = -72242. What is the units digit of w?
1
Let q = 19 - 3. Suppose d = -0*d - 2*i - 8, 4*i + q = -d. Suppose 3*f + d*f - 5*z = 92, -2*z - 8 = 0. What is the units digit of f?
4
Let j(h) = h + 12. Suppose p = -3*d - 4*p - 5, 0 = -5*d + 2*p - 60. What is the units digit of j(d)?
2
Let p = -687 + 1739. What is the units digit of p?
2
Let v(y) = -128*y + 4. Let l be v(2). Let w = l - -375. What is the units digit of w?
3
Let x be 3 + 1 + -2 + 2. Suppose 3*d = 4*d + 5*p - 111, 2*d = x*p + 194. What is the hundreds digit of d?
1
Let s(n) = 8*n**2 + 25*n - 157. What is the hundreds digit of s(-26)?
6
Let z be (3 + 0)/(-1)*(-3468)/36. Let u = -194 + z. What is the tens digit of u?
9
Let r = 12 + -11. Let s be r - -13*12/4. What is the tens digit of (-2 + 3)*(s + -2)?
3
Let b(k) = -k**3 - 28*k**2 + 159*k + 31. What is the hundreds digit of b(-33)?
2
Suppose -5*a = 4 - 179. Suppose -6*y + y = -a. Let w = -5 + y. What is the units digit of w?
2
Let p(g) = g**3 - 10*g**2 - 10*g - 7. Let n be p(11). What is the units digit of ((-4)/(-6))/(n/42)?
7
Let q(z) = -7*z**2 - 9*z. Let d be q(-4). Let u = d - -145. What is the tens digit of u?
6
Let a(z) = 268*z**2 - 7*z - 6. What is the tens digit of a(-1)?
6
Let w be ((-1)/(-2))/((-4)/488). Let a = w - -103. Let z = a - 15. What is the units digit of z?
7
Suppose y = -2*y + 30. Suppose i = 3*x - y, 2*i = i - 3*x + 20. Suppose -135 = -i*m + 50. What is the units digit of m?
7
Let z(h) = -h**2 - 13*h + 14. Let y be z(-14). Suppose y = -3*t - t - 24. Let u(o) = -4*o - 14. What is the tens digit of u(t)?
1
Suppose -3*m + 4*m - 20 = -5*o, m - 15 = -4*o. Suppose 104 = o*j - j. What is the units digit of j?
6
Suppose 2*l - 3*l = 5. What is the units digit of l/15*(1 + 2) + 86?
5
Suppose 3*k - 2*m = -7*m + 2, -m = -4*k - 5. What is the tens digit of (3*k)/((-9)/351)?
1
Let k = 4 + -3. Suppose 2*s + 2 = 6. What is the tens digit of (38/4)/(k/s)?
1
What is the units digit of -6 + 472 - (6 - (1 + 2))?
3
Let s = 322 + 556. What is the hundreds digit of s?
8
Suppose 5*u = 276 + 74. Suppose 0*y - u = -5*y. What is the units digit of y?
4
Suppose 2*q = -3*q - 110. Let p = 12 + q. What is the units digit of (-6)/(36/p)*3?
5
Let h(v) = -v**3 + 9*v**2 - 5*v - 2. Let j(y) = -y**3 + 10*y**2 - 6*y - 2. Let t(c) = -2*h(c) + 3*j(c). What is the tens digit of t(8)?
9
Let t = 110 - 62. Suppose 0 = -33*o + 34*o - t. What is the tens digit of o?
4
Let n(i) = -3*i - 4. Let j be n(-3). Suppose 0 = -2*l - 3*s + 139, -6*l + j*s = -2*l - 223. What is the units digit of l?
2
Let b = 845 - -118. Suppose n + 4*k = -0*k + 183, -5*n + b = 4*k. What is the units digit of n?
5
Suppose -5*l + 239 + 6 = 0. Suppose 175 = 2*r - l. What is the units digit of r?
2
What is the hundreds digit of (1059 - (11 + -3)) + 4?
0
Suppose -5*g + 25 = 0, 375 = 2*s - 2*g - 3*g. What is the tens digit of s?
0
Let m(g) = 2*g**3 - 9*g**2 - 3*g - 10. What is the hundreds digit of m(7)?
2
Suppose -7*k = -8*k - 25. Let a = k - -43. What is the units digit of ((-13)/3)/((-2)/a)?
9
What is the units digit of 10*(-12)/(-90) - 8866/(-6)?
9
Let u(j) = -j**3 - 13*j**2 + 17*j + 3. Let k be u(-14). What is the units digit of (134/(-3))/(26/k)?
7
Suppose w + 550 = -2*r + 3*r, -4*w = -8. What is the units digit of r?
2
Suppose -11*t = -10*t - 10. Suppose -7*w + 12*w - t = 0. What is the units digit of w?
2
Let s be (-4)/(3 - 178/58). Let z = -37 + s. What is the tens digit of z?
2
What is the units digit of 132/(-16)*(-19456)/96?
2
Suppose 2*j = -a - 9, j + 0*j - 3*a + 1 = 0. Let o be j/6 + (-104)/(-12). Suppose 11*k - 78 = o*k. What is the units digit of k?
6
Let j(d) = 2*d + 12. Let v be j(-8). Let h = v + 9. What is the units digit of (-35)/25*(0 - h)?
7
Suppose 2*y - 143 = 89. What is the tens digit of y?
1
Let t(i) = -21*i**3 + 5*i**2 - 7*i - 6. What is the tens digit of t(-3)?
2
Let q be (-7)/6 - (-1)/6. What is the units digit of q/(-5) - (-3090)/50?
2
Suppose 162524 = 53*q - 12*q. What is the thousands digit of q?
3
Suppose 5*f = -3*u + u + 7, -2*f - 26 = -4*u. Suppose -2*c + 5*h - 3*h = 0, 2*h = u. What is the units digit of c?
3
What is the tens digit of ((-93)/12)/(1/(-16))?
2
Let l = 639 + -360. What is the hundreds digit of l?
2
Let m(h) = 3*h**3 - h**2 - h + 2. Let w be m(-2). Let y be w + (-2)/(-3 + 1). What is the units digit of y/(-7) + 2/(-7)?
3
Suppose -v + 2*v + 15 = -3*k, 2*k - 12 = 3*v. Let u be ((-30)/8)/(v/64). Suppose u = z + 4*z. What is the units digit of z?
8
Suppose -3*z + 4 = -20. Let m be (14/6)/((-4 - 8)/180). What is the tens digit of (-28)/z*120/m?
1
Let g(y) = 3 + 7*y + 0*y - 9 - 10. Let k(s) = -s**2 - 10*s - 13. Let f be k(-6). What is the units digit of g(f)?
1
Let v = 5 + 6. Let b be 2/(-15) - (1 - (-681)/(-45)). Suppose -162 = v*m - b*m. What is the units digit of m?
4
Let f(c) = c**2 - 3*c + 2. Suppose 5*i - 3*w + 15 = -8*w, 4*w - 12 = 2*i. Let a be f(i). Suppose -2*h = -0*h - a. What is the units digit of h?
5
Let b(d) = 66*d - 1. Let p be b(-4). Let g = p + 374. What is the units digit of g?
9
Let b(j) be the third derivative of 1/60*j**5 + 10*j**2 - 1/2*j**3 + 0*j - 1/8*j**4 + 0. What is the units digit of b(6)?
5
Let v be (0 - (-12)/4)*-1. Let t = -6 - v. What is the tens digit of t/(-9) - 124/(-6)?
2
Let s(w) = 17*w + 16. Let b be s(-6). Let u = b + 159. What is the units digit of u?
3
Suppose 0*q - 3*q = -5*z + 2761, -5*q = 4*z - 2231. What is the hundreds digit of z?
5
Suppose 0 = 44*d - 9913 - 1351. What is the tens digit of d?
5
Let p = 14 + -14. Let j be p - (-12 - (-9)/3). What is the units digit of ((-1)/(3/j))/(-1)?
3
Let o = -650 - -1103. What is the hundreds digit of o?
4
Suppose 3*j - 8*j - 18 = -3*w, -5*j - 14 = w. What is the tens digit of ((-1)/w)/((5/(-13))/5)?
1
Suppose 3*z + u = -20, 5*u + 1 - 5 = -2*z. What is the units digit of (-2)/z - 45/(-12) - -133?
7
Suppose 4*j - 2*o = 146, -32 = -2*j + j - 4*o. Let i be (5 - (-48)/(-15))*-5. Let s = j + i. What is the tens digit of s?
2
Suppose 5*a = 3*a + 68. Let